{"id":7654,"date":"2021-10-11T05:28:46","date_gmt":"2021-10-11T05:28:46","guid":{"rendered":"http:\/\/pgyme.com\/?page_id=7654"},"modified":"2021-10-11T05:30:14","modified_gmt":"2021-10-11T05:30:14","slug":"aviso-de-privacidad","status":"publish","type":"page","link":"https:\/\/pgyme.com\/?page_id=7654","title":{"rendered":"Aviso de Privacidad"},"content":{"rendered":"<p><span style=\"font-weight: 400;\">En <\/span><b><i>(nombre de la empresa),<\/i><\/b><span style=\"font-weight: 400;\"> consideramos de suma importancia que usted conozca el trato que se le da a la informaci\u00f3n que usted recibe a trav\u00e9s de Internet, as\u00ed como la que proporciona.<\/span><\/p>\n<p><b><i>(Nombre de la empresa),<\/i><\/b><span style=\"font-weight: 400;\"> con domicilio en <\/span><b>(direcci\u00f3n), <\/b><span style=\"font-weight: 400;\">es responsable de recabar sus datos personales, del uso que se le d\u00e9 a los mismos as\u00ed como de su protecci\u00f3n. <\/span><b><i>(nombre de la empresa)<\/i><\/b><span style=\"font-weight: 400;\"> le garantiza que su informaci\u00f3n personal nunca ser\u00e1 compartida ni vendida.<\/span><\/p>\n<p><span style=\"font-weight: 400;\">En nuestro programa de notificaci\u00f3n de promociones, ofertas y servicios a trav\u00e9s de correo electr\u00f3nico, s\u00f3lo <\/span><b><i>(nombre de la empresa)<\/i><\/b><span style=\"font-weight: 400;\"> tiene acceso a la informaci\u00f3n recabada. Este tipo de publicidad se realiza mediante avisos y mensajes promocionales de correo electr\u00f3nico, los cuales s\u00f3lo ser\u00e1n enviados a usted y a aquellos contactos registrados para tal prop\u00f3sito, esta indicaci\u00f3n podr\u00e1 usted modificarla en cualquier momento. En los correos electr\u00f3nicos enviados, pueden incluirse ocasionalmente ofertas de terceras partes que sean nuestros socios comerciales.<\/span><\/p>\n<p><span style=\"font-weight: 400;\">Para verificar que se encuentra en un entorno protegido aseg\u00farese de que aparezca una S en la barra de navegaci\u00f3n. Ejemplo: httpS:\/\/.<\/span><\/p>\n<p><span style=\"font-weight: 400;\">En todos estos procesos sus datos ser\u00e1n tratados con absoluto respeto y confidencialidad. Toda la informaci\u00f3n se captura de manera directa, y se respalda a trav\u00e9s de medios electr\u00f3nicos manteniendo la secrec\u00eda de los mismos, no se utilizan medios autom\u00e1ticos que recaben informaci\u00f3n o programas ajenos a la empresa misma.<\/span><\/p>\n<p><span style=\"font-weight: 400;\">Para llevar a cabo las finalidades descritas en el presente aviso de privacidad, utilizaremos los siguientes datos personales:<\/span><\/p>\n<ul>\n<li style=\"font-weight: 400;\" aria-level=\"1\"><span style=\"font-weight: 400;\">Nombre<\/span><\/li>\n<li style=\"font-weight: 400;\" aria-level=\"1\"><span style=\"font-weight: 400;\">Edad<\/span><\/li>\n<li style=\"font-weight: 400;\" aria-level=\"1\"><span style=\"font-weight: 400;\">Sexo<\/span><\/li>\n<li style=\"font-weight: 400;\" aria-level=\"1\"><span style=\"font-weight: 400;\">Fecha de nacimiento<\/span><\/li>\n<li style=\"font-weight: 400;\" aria-level=\"1\"><span style=\"font-weight: 400;\">Tel\u00e9fono particular<\/span><\/li>\n<li style=\"font-weight: 400;\" aria-level=\"1\"><span style=\"font-weight: 400;\">Tel\u00e9fono celular<\/span><\/li>\n<li style=\"font-weight: 400;\" aria-level=\"1\"><span style=\"font-weight: 400;\">Correo electr\u00f3nico<\/span><\/li>\n<li style=\"font-weight: 400;\" aria-level=\"1\"><span style=\"font-weight: 400;\">Puesto o \u00e1rea del Trabajo Puesto<\/span><\/li>\n<\/ul>\n<p><b>\u00bfC\u00f3mo puede acceder, rectificar o cancelar sus datos personales, u oponerse a su uso?<\/b><\/p>\n<p><span style=\"font-weight: 400;\">Usted tiene derecho a conocer qu\u00e9 datos personales tenemos de usted, para qu\u00e9 los utilizamos y las condiciones del uso que les damos <\/span><b>(ACCESO)<\/b><span style=\"font-weight: 400;\">. Asimismo, es su derecho solicitar la correcci\u00f3n de su informaci\u00f3n personal en caso de que est\u00e9 desactualizada, sea inexacta o incompleta <\/span><b>(RECTIFICACI\u00d3N)<\/b><span style=\"font-weight: 400;\">; que la eliminemos de nuestros registros o bases de datos cuando considere que la misma no est\u00e1 siendo utilizada adecuadamente<\/span><b> (CANCELACI\u00d3N)<\/b><span style=\"font-weight: 400;\">; as\u00ed como oponerse o negarse al uso de sus datos personales para fines espec\u00edficos <\/span><b>(OPOSICI\u00d3N)<\/b><span style=\"font-weight: 400;\">. Estos derechos se conocen como derechos <\/span><b>ARCO<\/b><span style=\"font-weight: 400;\">.<\/span><\/p>\n<p><span style=\"font-weight: 400;\">Para ejercer estos derechos puede escribirnos al correo <\/span><b>(correo electr\u00f3nico de persona encargada del tema) <\/b><span style=\"font-weight: 400;\">correspondiente al <\/span><b>(cargo de la persona encargada de dar seguimiento al tema)<\/b><span style=\"font-weight: 400;\"> y desde ah\u00ed le daremos seguimiento a la petici\u00f3n o se puede presentar un escrito en las instalaciones de nuestra empresa. Para conocer el procedimiento y resolver tus dudas con relaci\u00f3n al ejercicio de sus derechos <\/span><b>ARCO <\/b><span style=\"font-weight: 400;\">te invitamos a que escribas al correo mencionado.<\/span><\/p>\n<p><b>\u00bfA trav\u00e9s de qu\u00e9 medios puede acreditar su identidad el titular y, en su caso, su representante, as\u00ed como la personalidad de este \u00faltimo?<\/b><\/p>\n<p><span style=\"font-weight: 400;\">Con pruebas documentales tales como: acta de nacimiento, identificaci\u00f3n oficial con fotograf\u00eda, credencial de elector, carta poder y mediante resoluci\u00f3n judicial.<\/span><\/p>\n<p><b>\u00bfQu\u00e9 informaci\u00f3n y documentaci\u00f3n deber\u00e1 contener la solicitud?<\/b><\/p>\n<p><span style=\"font-weight: 400;\">El nombre de <\/span><b><i>(nombre de la empresa)<\/i><\/b><span style=\"font-weight: 400;\">, nombre del titular de los datos personales y del Representante Legal en su caso;\u00a0 domicilio, correo electr\u00f3nico para comunicarle la respuesta a su solicitud, los documentos que acrediten su identidad, en su caso la representaci\u00f3n legal del titular, as\u00ed como la descripci\u00f3n clara y precisa de los datos personales respecto de los que desea ejercer su derecho y cualquier otro dato que apoye y\/o que facilite la localizaci\u00f3n de sus datos personales.<\/span><\/p>\n<p><b>\u00bfEn cu\u00e1ntos d\u00edas le daremos respuesta a su solicitud?<\/b><\/p>\n<p><span style=\"font-weight: 400;\">Dentro de los 15 d\u00edas h\u00e1biles siguientes a la admisi\u00f3n de su solicitud.<\/span><\/p>\n<p><b>\u00bfPor qu\u00e9 medio le comunicaremos la respuesta a su solicitud?<\/b><\/p>\n<p><span style=\"font-weight: 400;\">Podr\u00e1 ser de manera personal, por listas o en los estrados de la organizaci\u00f3n.<\/span><\/p>\n<p><span style=\"font-weight: 400;\">Usted puede revocar su consentimiento para el uso de sus datos personales y revocar el consentimiento que, en su caso, haya otorgado para el tratamiento de sus datos personales, solicit\u00e1ndolo por escrito en el formulario de contacto de esta empresa. Sin embargo, es importante que tenga en cuenta que no en todos los casos podremos atender su solicitud o concluir el uso de forma inmediata, ya que es posible que por alguna obligaci\u00f3n legal requiramos seguir tratando sus datos personales. Asimismo, usted deber\u00e1 considerar que para ciertos fines, la revocaci\u00f3n de su consentimiento implica que no le podamos seguir prestando el servicio que solicit\u00f3.<\/span><\/p>\n<p><b>\u00bfEn qu\u00e9 casos NO se requiere de su autorizaci\u00f3n para proporcionar la informaci\u00f3n a terceros?<\/b><\/p>\n<ol>\n<li style=\"font-weight: 400;\" aria-level=\"1\"><span style=\"font-weight: 400;\">a) Cuando se encuentre en registros p\u00fablicos o fuentes de acceso p\u00fablico.<\/span><\/li>\n<li style=\"font-weight: 400;\" aria-level=\"1\"><span style=\"font-weight: 400;\">b) Est\u00e9 sujeta a una orden judicial.<\/span><\/li>\n<li style=\"font-weight: 400;\" aria-level=\"1\"><span style=\"font-weight: 400;\">c) Exista un consentimiento expreso de no confidencialidad, por escrito del titular o due\u00f1o de la informaci\u00f3n confidencial.<\/span><\/li>\n<li style=\"font-weight: 400;\" aria-level=\"1\"><span style=\"font-weight: 400;\">d) Sea necesaria para fines estad\u00edsticos, cient\u00edficos o de inter\u00e9s general por Ley y no pueda asociarse con personas en particular.<\/span><\/li>\n<li style=\"font-weight: 400;\" aria-level=\"1\"><span style=\"font-weight: 400;\">e) Sea necesaria para la prevenci\u00f3n, diagn\u00f3stico o su atenci\u00f3n m\u00e9dica.<\/span><\/li>\n<li style=\"font-weight: 400;\" aria-level=\"1\"><span style=\"font-weight: 400;\">f) Se transmita entre autoridades estatales y municipales, para el ejercicio de sus atribuciones.<\/span><\/li>\n<li style=\"font-weight: 400;\" aria-level=\"1\"><span style=\"font-weight: 400;\">g) Se transmita de autoridades estatales y municipales a terceros para fines p\u00fablicos espec\u00edficos.<\/span><\/li>\n<li style=\"font-weight: 400;\" aria-level=\"1\"><span style=\"font-weight: 400;\">h) Este relacionada con el otorgamiento de est\u00edmulos, apoyos, subsidios y recursos p\u00fablicos.<\/span><\/li>\n<li style=\"font-weight: 400;\" aria-level=\"1\"><span style=\"font-weight: 400;\">i) Sea necesaria para el otorgamiento de concesiones, autorizaciones, licencias o permisos.<\/span><\/li>\n<li style=\"font-weight: 400;\" aria-level=\"1\"><span style=\"font-weight: 400;\">j) Sea considerada como no confidencial por disposici\u00f3n legal expresa.<\/span><\/li>\n<\/ol>\n<p><b>\u00bfC\u00f3mo puede conocer los cambios en este aviso de privacidad?<\/b><\/p>\n<p><span style=\"font-weight: 400;\">El presente aviso de privacidad puede sufrir modificaciones, cambios o actualizaciones derivadas de nuevos requerimientos legales; de nuestras propias necesidades por los productos o servicios que ofrecemos; de nuestras pr\u00e1cticas de privacidad; o por otras causas, sin embargo, esta empresa se compromete a mantenerlo informado sobre los cambios que pueda sufrir el presente aviso de privacidad, de manera f\u00edsica en las instalaciones de esta empresa y v\u00eda p\u00e1gina web.<\/span><\/p>\n<p><span style=\"font-weight: 400;\">Nos reservamos el derecho de efectuar en cualquier momento modificaciones o actualizaciones al presente aviso de privacidad, para la atenci\u00f3n de novedades legislativas o jurisprudenciales, pol\u00edticas internas, nuevos requerimientos para la prestaci\u00f3n u ofrecimiento de nuestros servicios o productos y pr\u00e1cticas del mercado.<\/span><\/p>\n<p><span style=\"font-weight: 400;\">Si el usuario utiliza los servicios de nuestro sitio web <\/span><b>(p\u00e1gina web) <\/b><span style=\"font-weight: 400;\">significa que ha le\u00eddo, entendido y acordado los t\u00e9rminos antes expuestos. Si no est\u00e1 de acuerdo con ellos, el usuario no deber\u00e1 proporcionar ninguna informaci\u00f3n personal, ni utilizar los servicios de <\/span><b>(p\u00e1gina web).<\/b><\/p>\n","protected":false},"excerpt":{"rendered":"<p>En (nombre de la empresa), consideramos de suma importancia que usted conozca el trato que se le da a la informaci\u00f3n que usted recibe a trav\u00e9s de Internet, as\u00ed como la que proporciona. (Nombre de la empresa), con domicilio en (direcci\u00f3n), es responsable de recabar sus datos personales, del uso que se le d\u00e9 a los mismos as\u00ed como de su protecci\u00f3n. (nombre de la empresa) le garantiza que su informaci\u00f3n personal nunca ser\u00e1 compartida ni vendida. En nuestro programa de notificaci\u00f3n de promociones, ofertas y servicios a trav\u00e9s de correo electr\u00f3nico, s\u00f3lo (nombre de la empresa) tiene acceso a&#8230;<\/p>\n","protected":false},"author":1,"featured_media":0,"parent":0,"menu_order":0,"comment_status":"closed","ping_status":"closed","template":"","meta":[],"_links":{"self":[{"href":"https:\/\/pgyme.com\/index.php?rest_route=\/wp\/v2\/pages\/7654"}],"collection":[{"href":"https:\/\/pgyme.com\/index.php?rest_route=\/wp\/v2\/pages"}],"about":[{"href":"https:\/\/pgyme.com\/index.php?rest_route=\/wp\/v2\/types\/page"}],"author":[{"embeddable":true,"href":"https:\/\/pgyme.com\/index.php?rest_route=\/wp\/v2\/users\/1"}],"replies":[{"embeddable":true,"href":"https:\/\/pgyme.com\/index.php?rest_route=%2Fwp%2Fv2%2Fcomments&post=7654"}],"version-history":[{"count":2,"href":"https:\/\/pgyme.com\/index.php?rest_route=\/wp\/v2\/pages\/7654\/revisions"}],"predecessor-version":[{"id":7656,"href":"https:\/\/pgyme.com\/index.php?rest_route=\/wp\/v2\/pages\/7654\/revisions\/7656"}],"wp:attachment":[{"href":"https:\/\/pgyme.com\/index.php?rest_route=%2Fwp%2Fv2%2Fmedia&parent=7654"}],"curies":[{"name":"wp","href":"https:\/\/api.w.org\/{rel}","templated":true}]}}